et x(q) = q**3 + 5*q**2 + 4*q + 7. Let d be x(-5). Let a = 11 + d. Let y = a - -9. What are the prime factors of y?
7
Suppose -5*d = -5*o - 25, -11 = -5*d + 4. What are the prime factors of 74/o*(-15 - -11)?
2, 37
Let o = 3 - -1. Suppose o*z + 0*l + 30 = -2*l, -3*z = -5*l - 10. Let m(v) = -v**3 - 4*v**2 + 3*v - 2. List the prime factors of m(z).
2
Suppose 2*j + a - 1909 = 0, -j + 5*a + 771 = -178. What are the prime factors of j?
2, 3, 53
Suppose 19*v - 17*v + 12 = 0. Let p(h) = -3*h + 12. List the prime factors of p(v).
2, 3, 5
Let u(q) = -q**3 + 4*q**2 - 5*q + 4. Let s be u(3). Let l be 1*(-1 + (-136)/s). Suppose -l = 4*f - 179. What are the prime factors of f?
2, 7
Suppose -3*l + 2*j = 64, j = -2*j - 3. Let u be l/(-10) - 2/10. Suppose -i + 0*f + 15 = -u*f, 5*i + 5*f - 30 = 0. What are the prime factors of i?
3
What are the prime factors of (-6)/90*-5 - (-7958)/3?
7, 379
Let x(q) = 6*q**2 + q - 2. Let t = -12 + 13. Let j be x(t). Suppose j*g - 15 = 0, 3*m + 4*g + g = 51. List the prime factors of m.
2, 3
Let k(o) = -o**2 - 2*o + 38. Let r be k(5). Suppose -r*x = -0*x - 4*t - 321, -5*x - 5*t = -500. List the prime factors of x.
103
Let y(q) = -q**2 - q + 1. Let x(n) = -n**2 + n + 4. Let t(m) = x(m) - 2*y(m). Suppose -3*j + 2 = 4*o + 34, 0 = j - o - 1. List the prime factors of t(j).
2, 3
Suppose 5*s + 0 = 50. Suppose p - 27 = 4*v, 2 + s = 3*v. What are the prime factors of p?
43
Let d = -74 + 115. Suppose 248 = 4*p - s, -2*p - 5*s + 105 = -d. List the prime factors of p.
3, 7
Let k(n) = -n**2 + 30*n - 10. What are the prime factors of k(25)?
5, 23
Suppose 3*q - 3*j - j = 12, -2*q - 3*j + 8 = 0. Suppose 7*g - 3*g = -3*t - 34, -q*g - 30 = 5*t. What are the prime factors of (4/g)/(3/(-240))?
2
Suppose -4*q = 5*p - 4*p - 10, 7 = 4*p + 5*q. What are the prime factors of 19/(-2)*(-18 - p)?
2, 19
Suppose -2*l + 4140 = -3*t - 7008, 2*l = 4*t + 11146. List the prime factors of l.
3, 11, 13
Let d be 6/9 + (-8)/12. Suppose 0*p - p + 9 = d. Suppose p = -3*a + 78. List the prime factors of a.
23
Let j(w) = w**3 + 5*w**2 + 2*w - 4. Let d be j(-4). Let o be -148*(15/(-6))/5. Suppose -4*s = -2*q + d*q - o, -s = -q + 25. List the prime factors of q.
29
Let v(i) = -7*i - 2 + 3 + 0. Let n(w) = 2*w**2 + 15*w + 4. Let t be n(-7). What are the prime factors of v(t)?
2, 11
Let a be 18/4*2/3. Suppose 2 = a*l - 52. What are the prime factors of l?
2, 3
Let h(w) = 5*w - 21. Let m be h(6). Let p(t) = -5*t + m*t**2 + 5*t. What are the prime factors of p(-1)?
3
Suppose -4*x + 7068 = 2*w, 40*w - 42*w + x + 7078 = 0. List the prime factors of w.
2, 29, 61
Suppose -3*r - 1845 = -6*r. What are the prime factors of r?
3, 5, 41
List the prime factors of (-84)/(-112) - (-4090)/8.
2
Let c(s) = 20*s**2 + 8*s - 33. Let x(y) = -29*y**2 - 12*y + 50. Let l(h) = -7*c(h) - 5*x(h). List the prime factors of l(7).
2, 127
Let k be 8/3*42/4. Let f = 297 - 294. Suppose 26 + k = f*a. List the prime factors of a.
2, 3
Let l = 5044 + -1966. List the prime factors of l.
2, 3, 19
Suppose -46*x - 48 + 784 = 0. List the prime factors of x.
2
Suppose -5*j - u = 3*u + 130, 5*u = 5*j + 175. List the prime factors of (40/(-50))/((-4)/(-26))*j.
2, 3, 13
Let c = 88 - 38. Suppose 2*b - c = -176. Let y = 94 + b. What are the prime factors of y?
31
What are the prime factors of 24318/(-42)*4/(-3)?
2, 193
What are the prime factors of 7*((-9)/12 + 14/8)?
7
Let s = 7 - 3. Suppose -p = x + 279, 3*x + 1394 = -2*x - s*p. List the prime factors of (-2)/(-3) - x/6.
47
Suppose -14*y + 33072 = 34*y. List the prime factors of y.
13, 53
Suppose -2 = 2*h + 8. Let w(p) = -2*p**3 - 8*p**2 + 2*p - 10. What are the prime factors of w(h)?
2, 3, 5
Let x(t) = t**2 + 13*t + 35. Suppose -46 = 3*b - 2*p, 3*b + 67 = -b - 3*p. List the prime factors of x(b).
83
Suppose -6*j = -2*j - 8. Let t = j + 9. Suppose 0 - t = -l. What are the prime factors of l?
11
Suppose b - 2*a = 2, -3*a + 1 + 3 = 2*b. Suppose z = -r + b*z + 9, -z = 0. List the prime factors of r.
3
Suppose -3*m - 5*r + 132 = -m, -m + 96 = -5*r. Suppose -2*n = -m + 28. Suppose 25 = 2*z - 5*p - 23, 0 = z - p - n. List the prime factors of z.
2, 3
Let p = -1 + 0. Let t = 13 - p. What are the prime factors of t?
2, 7
Let s be (-263 - -15)*(-1 + -1). What are the prime factors of 2/(-6) - s/(-12)?
41
Let f(y) = 21*y**2 - 29*y + 8. Let t(u) = -5*u**2 + 7*u - 2. Let h(j) = -2*f(j) - 9*t(j). List the prime factors of h(-4).
2, 5, 7
Let j(p) = 2*p - 13. Let t be j(5). Let b(v) = -v**3 + 3*v**2 + 4. List the prime factors of b(t).
2, 29
List the prime factors of 15168/34 + 16/(-136).
2, 223
Suppose -6374 = -2*c - 4*i, -2*i + 6729 = 5*c - 9198. What are the prime factors of c?
5, 7, 13
Suppose -2*n - 16 = 4*w, -4*n + 20 = -4*w - w. Suppose 0 = -n*y + 3*y. Let m = 7 + y. What are the prime factors of m?
7
Suppose -4*l = 3*o - 5926, -782 = 2*o - 3*l - 4744. List the prime factors of o.
2, 23, 43
Suppose 4*a - 3*w + 345 - 11610 = 0, -3*w = -3*a + 8451. List the prime factors of a.
2, 3, 7, 67
Suppose 3*g - 4 = 7*g, 0 = 3*o - g - 7. Let a be o/11 + 30/(-165). Suppose 2*b + 2*b - 136 = a. What are the prime factors of b?
2, 17
Let z = 51 + -46. Suppose z*j + 356 = 3*h, -5*h - 2*j + 131 = -483. What are the prime factors of h?
2, 61
Let s = -2388 - -3637. What are the prime factors of s?
1249
Let k = 2221 + -1576. List the prime factors of k.
3, 5, 43
Let t be (4/(-6))/(6/99). Let q = 26 + t. What are the prime factors of q?
3, 5
Let d = -95 - -91. Let z(v) = 5*v**2 - 4*v**2 - 4*v - 2*v - 8. List the prime factors of z(d).
2
Suppose -174 + 2454 = 3*k. Suppose -3*z + 3010 = k. List the prime factors of (-6)/(-27) + z/27.
2, 7
Let v = 17 - 12. Let z = v - 2. List the prime factors of 3 - (-3)/z - -2.
2, 3
Let q = -4 + 63. Suppose -2*t + 3*r - 39 = 0, -2*r + r - q = 2*t. Let y = 51 + t. What are the prime factors of y?
2, 3
Suppose -4*r + 2*f + 39 = -15, 2*r = 3*f + 17. Suppose 0 = -4*k - t - 19, -5*k = 5*t + 3 + 17. Let i = k + r. List the prime factors of i.
11
Let u = 14 + -5. Suppose u*v - 92 = 8*v. List the prime factors of v.
2, 23
Let a = -321 + 640. List the prime factors of a.
11, 29
Let a = -749 + 1317. Suppose 2*s - 6*s = -a. List the prime factors of s.
2, 71
Let p be 0 + (12/(-4) - -7). Suppose -p*h = -1462 + 450. List the prime factors of h.
11, 23
Suppose 3*q - 1040 = -17*v + 16*v, -5*v - 5 = 0. List the prime factors of q.
347
List the prime factors of (-686)/(3/(-6)*1).
2, 7
Let u(t) = 40*t - 576. List the prime factors of u(34).
2, 7
Suppose 26 - 176 = -2*u. Suppose 0*v - u = -3*v. List the prime factors of v.
5
What are the prime factors of 26/221 - (-111482)/34?
3, 1093
Let g(m) = -m**3 - 16*m**2 + 2. Let o be g(-16). Suppose o*y = q - 71, 4*y - 57 = -5*q + 298. What are the prime factors of q?
71
Let y = 2618 - 802. List the prime factors of -5 - y/(-24) - 4/6.
2, 5, 7
List the prime factors of (-337 - 0)*-3 + -5.
2, 503
Let v be 2*(33 + -2 + 6). Let s = v - 134. List the prime factors of (-262)/(-5) + 24/s.
2, 13
Let l = -75 + 473. List the prime factors of l.
2, 199
Let i be (-3 - 0)/(-9 + 10)*-103. Suppose i = 6*a - 57. What are the prime factors of a?
61
Let l be 62*1/(-6)*-27. Suppose l = 3*f - 129. List the prime factors of f.
2, 17
Let q = 317 - 248. What are the prime factors of q?
3, 23
Let f(w) = -5*w + 2*w - 4*w - 1 + 6*w. Let c be f(-6). Suppose -4*s - 4*l = -52, -5 = -2*s - c*l + 12. What are the prime factors of s?
2
Suppose -11*b = -b - 1760. Suppose -2162 - b = -7*d. List the prime factors of d.
2, 167
Let a(w) = 133*w**2 + 2. Let v be -2 - (15/(-25) + 4/(-10)). List the prime factors of a(v).
3, 5
Let y = -6 + 6. Suppose -q + y*q = -19. List the prime factors of (3 - 0 - 2)*q.
19
List the prime factors of 8/(-10) - 596836/(-670).
2, 5, 89
Let o be -35 + (0 + -2 - -1). Let g = 23 + o. Let x = g + 55. What are the prime factors of x?
2, 3, 7
Let c(u) = -u**2 + 2*u - 1. Let r(b) = -b**2 + 9*b - 7. Let p(d) = -5*c(d) + r(d). What are the prime factors of p(-8)?
2, 131
Suppose -19*r - 635 = -6943. List the prime factors of r.
2, 83
Suppose c - 1285 = 4*o, -2*c - 88 + 2643 = -3*o. List the prime factors of c.
19, 67
Let p(q) = -q**3 - 4*q**2 - q + 1. Let t be p(-4). Suppose t*r - r = 0. Suppose -15 = 5*g, -4*s + 104 = -4*g - r*g. List the prime factor